l**2 + 4*l + 8. Suppose -3 = -3*a, -4*y - 26 = -a - a. Let z be j(y). Suppose f = 5*f + z, 91 = g - 5*f. List the prime factors of g.
2, 3, 11
Let y(r) = 3*r - 9. Let o be y(9). Let s = 1 - 14. Let w = s + o. List the prime factors of w.
5
Let l(n) = n**3 - 11*n**2 + n - 5. Let b be l(11). Suppose 3*k - b = 0, 0 = r - 0*r + 5*k - 87. What are the prime factors of r?
7, 11
Suppose l = 3*f + 1733, -2*l + f + 2*f = -3466. What are the prime factors of l?
1733
Let g be 46/(-14) - 6/(-21). Let c(i) = -i**3 - i**2 - 3*i. List the prime factors of c(g).
3
Let u = 10406 - 5890. What are the prime factors of u?
2, 1129
Let p(h) = h + 225 - 198 + 5*h - h. List the prime factors of p(7).
2, 31
Let f be (2 - (2 - 4)) + 0. Suppose -f*d - 16 = -o, -5*o + 4*d = -o - 124. Let q = o + -6. What are the prime factors of q?
2, 3, 5
Suppose 4*i - 1512 = 3*o, -3*i = o - 13 - 1134. List the prime factors of i.
3, 127
Let c(b) = b**3 + 31*b**2 - 26*b - 49. List the prime factors of c(-31).
757
Suppose 4*y - v + 222 = 5*y, -v - 878 = -4*y. What are the prime factors of y?
2, 5, 11
Let t(f) = 15*f**2 + 3*f - 7. Let p be t(-4). Let v = -121 + p. List the prime factors of v.
2, 5
Let n(f) = -f + 0*f + f**2 - 5*f - 11. Suppose 0 = 6*g - 0*g - 48. List the prime factors of n(g).
5
Let j(u) = u**3 + 8*u**2 + 6*u - 2. Let v be j(-7). Let g = v - -52. What are the prime factors of g?
3, 19
Let c(d) = d + 1. Let a(h) = h**2 - 10*h + 2. Let j(b) = a(b) + 2*c(b). Let i be j(6). Let w = 25 + i. List the prime factors of w.
17
Let l = 4 + -2. Suppose -t - 9 = 4*o, 0 = -l*o - 6 - 2. List the prime factors of (0 + t)/((-7)/(-14)).
2, 7
Let m(s) be the second derivative of 28*s**4/3 + s**3/6 + s**2 + 30*s. List the prime factors of m(-1).
113
Suppose b - 166 = -4*f, 6*b = f + 3*b - 48. Let v be (2/4)/((-1)/f). Let x = 28 + v. What are the prime factors of x?
7
Let u be (-8)/(-6)*(-9)/(-2). Let y(k) = -k**3 + 5*k**2 + 17*k - 62. Let r be y(6). Let t = u + r. What are the prime factors of t?
2, 5
Let y be (-4 + 3 + -2)*-51. Suppose -y = -2*o - 19. List the prime factors of o.
67
Let r = 471 + -124. List the prime factors of r.
347
Suppose 5*t - 40 = 5*r, -r + 0*r - 2 = 0. Let z(q) = 1735*q**2 + 5*q**3 - 14 - 1739*q**2 - 4*q**3 + q. What are the prime factors of z(t)?
2
What are the prime factors of ((-117)/(-18) + -2)/(3/452)?
2, 3, 113
Let l(s) = -2*s**3 + 4*s**2 - 3*s - 2. Let g be l(2). List the prime factors of g/(-28) - (0 - (-943)/(-7)).
3, 5
Let u(d) = -d**2 - 11*d - 5. Suppose 0 = g + 4 + 1. What are the prime factors of u(g)?
5
Let b = 947 - 565. List the prime factors of b.
2, 191
Suppose -z - 20 = -6*z, 0 = -4*g + 3*z - 4. Suppose 286 = g*a - 182. What are the prime factors of a?
2, 3, 13
Suppose 20*g = 13*g + 280. Suppose -3*j = -2*i - 62, 4*j - g = 2*j + i. What are the prime factors of j?
2, 3
Let x be 9/2*(-3664)/(-6). Let r be (-4)/34 + x/(-51). Let f = 84 + r. List the prime factors of f.
2, 3, 5
Suppose 3*m - 8 = -m. Suppose 4*q + 4*s + 8 = 0, -m*q - 6*s + s = 16. List the prime factors of 74/10 + q/(-5).
7
Suppose -3*l - 5*b = -5*l + 502, 0 = 4*l + b - 960. Let d = l + -75. List the prime factors of d.
2, 83
Suppose 0 = 5*f - 0*f - 25, 3*t - 4*f = 568. What are the prime factors of t?
2, 7
Suppose 22720 = 28*v - 7744. What are the prime factors of v?
2, 17
Let o = 39 - -102. Suppose 0 = -3*m - u + o, -4*m + 177 = 2*u + 3*u. List the prime factors of (1/(-2))/((-1)/m).
2, 3
Suppose -2*c + 120 = -90. List the prime factors of c.
3, 5, 7
Suppose -5*u = -5*t - 5745, -9*t + 5741 = 5*u - 10*t. Suppose 0 = -6*l + u + 496. What are the prime factors of l?
2, 137
Let y be ((-9519)/76)/((-3)/(-8)). List the prime factors of (-1)/2*(2 + -1)*y.
167
Suppose z + 3*g = -12, -5*z - g - 5 = 3*g. Suppose z*n - 12 = n. Suppose 0 = 5*f - n - 14, 0 = 4*w + 5*f - 164. What are the prime factors of w?
2, 3
Let t(r) = 214*r + 404. What are the prime factors of t(19)?
2, 3, 5, 149
Suppose 7*b - 3*v - 15 = 4*b, 5*b = 4*v + 24. Suppose 0*l - b*l = 80. What are the prime factors of 0 + -1 + 1 - l?
2, 5
Suppose 5*j - o - 15 = 115, 5*j + 2*o = 145. Let t = j - -36. What are the prime factors of t?
3, 7
Suppose -4*n = 5*t - 19, -3*n - 2*t + 28 = 2*n. Suppose i + n*l - 7*l = 40, 0 = -2*i - 2*l + 88. List the prime factors of i.
2, 3, 7
Let g(u) = -u**2 + 1 - 19*u**3 - u**2 - 14*u**3 + 2*u**3. Let v be g(-1). List the prime factors of (-1)/5 - (-966)/v.
2
Let z(w) = 59*w**3 - 3*w**2 + 29*w - 73. List the prime factors of z(3).
2, 5, 79
Let f = 672 + 34. List the prime factors of f.
2, 353
Suppose -3*i = -4*l - 75, -4*l + 7*i - 2*i - 77 = 0. What are the prime factors of (-10)/((l/39)/3)?
5, 13
Let n = -49 + 160. List the prime factors of n.
3, 37
Let d(y) = y**2 + 2*y - 5. List the prime factors of d(-4).
3
Let d(v) = -14*v**3 - 3*v**2 + 22*v + 67. What are the prime factors of d(-4)?
827
Suppose 5*n = 4*h - 479, 2 = 4*n - 2. Suppose o = 20 + h. List the prime factors of o.
3, 47
Let q(n) = -n**2 - 5*n**3 + 5*n**2 - 1 - 4*n - n**2 - n**2. Let g(r) = -4*r**3 + r**2 - 4*r. Let w(y) = -6*g(y) + 5*q(y). What are the prime factors of w(4)?
11
Suppose 5*l + 3 = 4*c, -4*l + 12 = -9*l + c. Let r be (2/4)/(l/396). Let b = 135 + r. List the prime factors of b.
3, 23
Let v(k) = -k**3 + 3*k**2 + 2*k + 8. Let o(n) = -n**2 + 5*n + 4. Let p be o(5). Let z be v(p). What are the prime factors of (2 - -20) + z + 3?
5
Let y = -175 + 116. Let m = y - -116. List the prime factors of m.
3, 19
Let f = 1334 + 289. List the prime factors of f.
3, 541
Let m be 6/(-27) - 130/(-18). Let j be m + -7 - (-1 - -19). Let x = j + 27. List the prime factors of x.
3
Suppose 2*s = -4*n - 1204, -n + 2*s + 0*s - 301 = 0. Let m = n + 208. Let r = 140 + m. What are the prime factors of r?
47
Let h(d) = -13*d**2 + 7*d + 9. Let u(v) = 13*v**2 - 6*v - 8. Let b(p) = 3*h(p) + 4*u(p). What are the prime factors of b(-2)?
53
Suppose -4*x - 7 + 2 = -5*v, 5*v - 30 = -x. Let z(i) = 5*i**2 - i - 6. Let q be z(x). Suppose 3*b - 54 - q = 0. List the prime factors of b.
2, 7
Suppose 3*m = 6*m - 6. Suppose -3*t - q = -5 - 0, -4*t + m*q = -20. Suppose -4*z = 2*k - 186, 2*z + k - 84 = -t*k. What are the prime factors of z?
2, 3
Let a = 17 - 19. List the prime factors of a/8 + 3/12*241.
2, 3, 5
Suppose -4*s + 3*v = 489 + 188, 0 = 5*s + 4*v + 885. Let y = -68 - s. Suppose 0 = 4*n - y - 95. List the prime factors of n.
2, 5
Let t be (-8)/5*(-175)/(-10). Let v = 69 + t. What are the prime factors of v?
41
Let b(y) = -99*y + 4. Suppose w - 14 = -15. List the prime factors of b(w).
103
Suppose 2 = 6*f - 16. Suppose 79 = 4*j - 3*m, f*j = -j + 2*m + 78. Suppose -4 = -h + j. What are the prime factors of h?
23
Suppose w - 10 = -w. Suppose 7 + w = 2*m. What are the prime factors of m?
2, 3
Let v(r) = -41*r + 1. Let b be v(-8). Suppose -91 = -4*k + b. What are the prime factors of k?
3, 5, 7
Suppose 0 = -c - 5*v + 86, -626 + 244 = -5*c - v. What are the prime factors of c?
2, 19
Suppose 5*y = 5*j + 1835, -5*j - 1467 = -y - 3*y. What are the prime factors of y?
2, 23
Suppose -4*x - 9 - 3 = 0. Let t be 1 + (12 + x)/(-3). What are the prime factors of ((-4)/t)/((-1)/(-11))?
2, 11
Let o(w) = -w**2 - 2*w + 14. Let q be o(-5). Let r(z) = -24*z**3 + 2*z**2 + z. What are the prime factors of r(q)?
5
Suppose 5*m = c - 488, -213 = 3*c + m - 1661. Suppose 0 = 3*o + 2*y - 371, 4*o - 2*y - c = -7*y. List the prime factors of o.
127
Suppose 4*b = -3*h + 2720, -2*h + 6*h - 3625 = -5*b. List the prime factors of h.
2, 3, 5
Let d(f) = 28*f**2 + f + 3. Suppose 4 = -3*g + g. Let b be d(g). Suppose 3*o - 169 = -2*o + 3*i, 4*i - b = -3*o. List the prime factors of o.
5, 7
Let p(f) = 5*f + 15 - 2 - 4*f. Let s be p(0). Suppose s + 17 = 2*r. List the prime factors of r.
3, 5
Let f = -10 - -21. Let h = 5 - f. What are the prime factors of 76/6 + 4/h?
2, 3
Let m be -1 + (-2 - 1 - 1). Let h be ((-26)/m)/((-2)/(-10)). Let p = 7 + h. What are the prime factors of p?
3, 11
List the prime factors of (-8)/(-14) + (-26)/273*-10830.
2, 3, 43
Let z be (24/30)/(2/5). Let k be -46*z*(-9)/(-12). Let h = 112 + k. What are the prime factors of h?
43
List the prime factors of 18/(-12)*(-717 + 1).
2, 3, 179
List the prime factors of 56*5/(10/2).
2, 7
Let r(z) = -z**3 - z**2 - z + 42. Let q be r(0). Supp